Calculate the greatest common divisor of i and 184.
46
Let t be (4596 - 7) + 2*1/(-2). Suppose 16*r = 3412 + t. What is the greatest common divisor of r and 20?
20
Suppose o = -0*o + 5, 4*a + 5*o - 61 = 0. Suppose -103 = -a*d + 3704. Calculate the highest common divisor of d and 47.
47
Let v = -12662 - -14093. What is the greatest common factor of v and 3021?
159
Let b(u) = u**3 + 18*u**2 + 29*u - 14. Let t be b(-15). Let m = t - -1248. What is the greatest common factor of 22 and m?
22
Let h = -707 + 779. What is the greatest common divisor of 162 and h?
18
Let a be (-7)/((-140)/1496) + 13/65. What is the highest common divisor of 57 and a?
3
Let o be ((-33)/6)/((-4)/(-8)). Let d(v) = v**3 + 12*v**2 + 8*v. Let b be d(o). Calculate the greatest common factor of b and 154.
11
Let d(i) = i**3 + 11*i**2 + 6*i - 26. Let j be d(-11). Let z = 204 + j. Calculate the highest common divisor of z and 7.
7
Suppose 4*f + 2*x = 68, 7*f = 11*f + 3*x - 68. Suppose 9*b + f - 710 = 0. Let a be 1 + -2*(-4 + 1). What is the greatest common factor of b and a?
7
Let f(n) = 15*n**2 + 102*n + 428. Let s be f(-4). Let r = -4 + 17. Calculate the greatest common divisor of s and r.
13
Suppose -3*c - 364 = 665. Let z be (c/(-42))/7*12. Calculate the greatest common divisor of z and 6.
2
Let l be (-6 - -2)/((-5)/20). What is the highest common factor of 1376 and l?
16
Let p = 338 + -201. Let r = p - -56. Suppose 8*b - r = -49. Calculate the highest common factor of 9 and b.
9
Let t(f) = f + 21. Let y = -129 + 112. Let u be t(y). What is the greatest common divisor of u and 8?
4
Suppose -10*u - 47 = -537. Calculate the greatest common divisor of 448 and u.
7
Let l be (-8 + 264/36)/(20522/(-5130) + 4). What is the highest common divisor of l and 250?
10
Suppose 34*x = 516 + 164. What is the highest common divisor of 2330 and x?
10
Let r be -2 - (2 + 0)/2. Let w = r - -9. Let h(i) = 2*i + 17. Let t be h(w). Calculate the greatest common divisor of 319 and t.
29
Suppose -2*r = -q - 211, 2*r + 2*q = 240 - 20. What is the highest common divisor of r and 4708?
107
Suppose 0 = 70*g + 52*g - 7564. What is the highest common factor of g and 5?
1
Suppose 0 = 9*j - 12*j. Suppose j = -8*x + 9*x - 64. Let q be (7/4)/(8/x). What is the greatest common divisor of q and 42?
14
Let x(h) = -h**3 + 17*h**2 + 51*h - 28. Let p be x(19). Let k = p - 171. Calculate the highest common factor of k and 12.
12
Suppose 69*q + 80*q - 596298 = 0. Calculate the greatest common factor of 174 and q.
174
Suppose 0 = -4*l - 4*n + 24, l - 2*n = -4*n + 8. Suppose -15*g = l*g - 798. What is the greatest common divisor of 273 and g?
21
Suppose 0*x + 112 = 4*x + 5*d, -5*x - 2*d = -140. Let v be (4/2)/((-18)/(-1575)). Suppose 35 = -2*g + v. What is the highest common factor of g and x?
14
Let o(c) = c + 0 - 5*c - 20 + c. Let x = 229 - 237. Let b be o(x). Calculate the highest common divisor of b and 24.
4
Let k = 9422 - 9366. Calculate the highest common divisor of 238 and k.
14
Let t = -107 + 106. Let a be 4*122/2 + (1 - t). Let l = a - 126. What is the greatest common divisor of l and 40?
40
Let a be 22/(-3)*(-2 + -1). Suppose -236 = -42*o - 17*o. Suppose y - o*y = -462. What is the highest common factor of y and a?
22
Let c = 33230 - 33035. What is the greatest common divisor of 2301 and c?
39
Suppose 33 = 15*p - 12. Let l be (-1 + p - 1/2)*6. Let q be 82 - -1*(-3)/(-9)*l. Calculate the highest common factor of 34 and q.
17
Let v = 1096 + -966. What is the highest common factor of v and 115?
5
Let m = -203 - -652. Let p = m - 397. Calculate the greatest common divisor of 4 and p.
4
Let w be 1222/(-39) - -32 - (-11864)/6. What is the highest common divisor of w and 46?
46
Let b(p) = p**3 + 19*p**2 + 6*p + 4. Let v be b(-19). Let m = v + 112. Let o be 56/(-6)*(1 - (m + 2)). Calculate the highest common divisor of o and 252.
28
Let c be 17 - 1*(-4 + 3). Let d be (-2 - -4) + (-2)/(-1) + 2. Suppose -d*z - 4*z + 1080 = 0. Calculate the highest common factor of z and c.
18
Let q(n) = 4773*n**2 + n + 1. Let y be q(1). What is the highest common factor of y and 25?
25
Let v = -31 - -20. Let f(z) = -14*z - 61. Let u be f(v). Suppose 120 + 4 = 4*p. What is the greatest common factor of p and u?
31
Suppose -3*j = 2*j + 3*y + 2929, 0 = 4*j + 2*y + 2342. Let f = j + 593. Calculate the highest common factor of 531 and f.
9
Let q(o) = -o**3 - 7*o**2 - 6*o. Let x be q(-6). Suppose 0 = -103*a + 73*a. Suppose a = -3*i - x*i + 480. What is the highest common factor of 20 and i?
20
Let f = 167 - -204. Suppose 1389 + f = 44*p. What is the highest common divisor of 170 and p?
10
Suppose -3*c + 4*l + 3 = 0, -l + 29 = 4*c + 2*l. Suppose -3*z + 9*s - 9 = 14*s, 0 = -5*z - c*s - 5. What is the greatest common factor of 5 and z?
1
Suppose 8*h - 2381 - 1552 = -15*h. What is the greatest common factor of 247 and h?
19
Suppose 0 = 9*t - 8891 + 2735. What is the greatest common factor of t and 798?
114
Suppose 211 + 59 = 2*h. Suppose 10*u = -27 + 7. Let t be ((-60)/(-14))/u*-7. Calculate the highest common factor of t and h.
15
Let q(s) = -2*s**3 - s**2 - 19*s - 41. Let f be q(-5). Calculate the highest common factor of 243 and f.
9
Let g(r) = r**3 - 21*r**2 + 30*r - 44. Let y be g(20). Suppose 6*x - 876 = -y. What is the greatest common divisor of 80 and x?
40
Let v(k) = 4*k - 104. Let h be v(32). Suppose 0 = -h*a + 16*a + 1000. Calculate the highest common divisor of 50 and a.
25
Suppose 83*m - 57*m + 115 = 49*m. What is the greatest common factor of m and 103?
1
Suppose 17*g = -f + 14*g + 25, -3*g = -4*f + 130. Calculate the highest common divisor of f and 5084.
31
Let g(r) = 2*r**2 - 2*r + 5. Let y be g(0). Suppose y*s - 301 = -31. Suppose -3 + 11 = 4*f, -3*q + 48 = -3*f. Calculate the greatest common divisor of s and q.
18
Let v = 17103 + -17087. Calculate the greatest common divisor of 50 and v.
2
Suppose -42 = -3*v - 4*p - 583, -3*v = 5*p + 536. Let w = v - -1232. Calculate the highest common factor of w and 19.
19
Suppose 3*v = -4*x + 300, -28*v = -26*v - 3*x - 234. Calculate the greatest common factor of v and 156.
12
Suppose 12*f + 157 = 3*r + 14*f, -3*r + f = -169. Suppose -r = 2*k - 259. Calculate the highest common factor of 170 and k.
34
Suppose 0 = -174*s + 163*s + 132. Suppose -3*m = -4*l + 822, 0 = -l + m + 2*m + 210. What is the greatest common factor of s and l?
12
Let x = 3121 - 2570. Calculate the greatest common factor of 76 and x.
19
Let a(v) = -2*v**2 - 7*v + 35. Let z be a(0). Let r = -327 + 1202. Calculate the highest common divisor of r and z.
35
Suppose 8*o - 4869 = -1749. What is the greatest common factor of 240 and o?
30
Let j = -16 + 8. Let u(g) = -g**2 - 9*g + 18. Let s be u(j). Let l be 6/(-9)*(-78)/4. What is the highest common factor of s and l?
13
Suppose -2*p - 226 = -7*i, 77*i - 78*i - 2*p + 46 = 0. Calculate the highest common factor of 5882 and i.
34
Let s = 28 - -65. Suppose 10*c - s = 6*c + 5*x, 0 = -4*c - 3*x + 53. What is the highest common factor of 17 and c?
17
Suppose 1805 + 2899 = 14*f. Let z(k) = 13*k - 140. Let y be z(14). What is the greatest common divisor of y and f?
42
Let j(p) = 70*p + 1411 - 1411. Suppose -3*d + 4*v = 5*v - 4, -v = -d. Let c be j(d). Calculate the greatest common divisor of 10 and c.
10
Let s(g) = -2*g**3 + 6*g**2 + 6*g + 2. Let b be s(4). Let n be 3*(3 + 26/b) - -70. What is the highest common divisor of n and 297?
33
Suppose 4*b - 260 = 18*k - 22*k, 3*b - 179 = 5*k. What is the highest common divisor of 3444 and b?
21
Let q(d) = 147*d**3 + d**2 + d - 2. Let l be q(1). Suppose -10*g + l = -403. Calculate the greatest common divisor of g and 5.
5
Let p(i) = 49*i + 16. Suppose 5*u + 4 = -x, -5*x - u + 22 = -x. Let c be (20/(-24))/((-1)/x). Let k be p(c). What is the highest common factor of k and 29?
29
Let y be (-6436)/(-4) + 28/(-10) + (-52)/260. What is the greatest common divisor of y and 7154?
146
Suppose 37*f = 22*f + 990. Suppose -98*z = -99*z + f. Calculate the highest common factor of z and 55.
11
Let w = -2774 + 3376. What is the highest common factor of w and 70?
14
Suppose -108 = -5*r - u + 152, -r - 3*u + 52 = 0. Suppose 3*m = -o + 74, -m + 3*o = 5*o - 18. Calculate the greatest common divisor of r and m.
26
Suppose 72*m - 19*m = 6784. What is the high